tors of (-184)/(-7) - y/(-28).
2, 13
Suppose 0 = -14*y + 12223 + 15497. Suppose 0 = 12*b + 3*b - y. What are the prime factors of b?
2, 3, 11
What are the prime factors of 1*(1 + (-2 - -179))?
2, 89
What are the prime factors of (-4)/(2 + 1 - 2301/765)?
2, 3, 5, 17
Suppose k + 7*t = 2*t + 8, k = t + 2. Suppose -403 = -5*d - 3*y - 163, -5*y - 178 = -k*d. List the prime factors of d.
3, 17
Suppose 0 = -2*c - 3*p - 93, -2*c + c + 5*p = 66. Let i = 64 + c. List the prime factors of i.
13
Let w(n) = -n + 15. Let l be w(11). Suppose -i + l = -4. Let s(k) = 3*k - 8. List the prime factors of s(i).
2
Suppose 2*d = -3*d + 25. List the prime factors of 1*(10/d - -172).
2, 3, 29
Suppose 2*u - 35 = -5*i, -4*u + 20 = -u + i. Let w = u - 2. Suppose 4*g + w*o - 36 = -o, -3*g + 31 = 2*o. What are the prime factors of g?
13
Let l(g) = 102*g**2 + 13*g + 26. What are the prime factors of l(-6)?
2, 5, 181
Suppose 27*y - 22559 - 4306 = 0. List the prime factors of y.
5, 199
Let w(v) = -3*v - 26. Let m(y) = -3*y - 25. Let j(k) = 3*m(k) - 4*w(k). Let z be j(9). Let h = z + 2. What are the prime factors of h?
2, 29
Suppose -3*x + 0*x - 16 = 4*y, -x - 8 = 2*y. Suppose v = 3*n + 4, -5*n + v - 4 = -x. Suppose -4*k + k + 4*j + 70 = n, 0 = j - 2. List the prime factors of k.
2, 13
Suppose 4*p - 9*p = -75. Let b(y) = p*y + 3 + y**3 + 9*y**2 + 5*y - 12*y. List the prime factors of b(-8).
3
Let o = -26 - -29. Suppose -2*n = -2*a + 45 + 247, o*a - 459 = -4*n. List the prime factors of a.
149
Let h(d) = d**3 + 12*d**2 - 2*d - 17. Let c be h(-12). Suppose -2*l = -c*l + 90. List the prime factors of l.
2, 3
Suppose 0*x + 6*x = 0. Suppose x = i - 3*i. Suppose 8*c + i*c = 272. List the prime factors of c.
2, 17
Let l(k) = 3*k - 3. Let i be l(2). Suppose -3*p + 3*j + 180 = 0, -p = -i*j - 9 - 55. What are the prime factors of p?
2, 29
Let n(u) = -20*u**3 - 2*u**2 - 5*u - 6. Suppose 4*q + 13 = -s, -2*q + 16 = -8*s + 4*s. What are the prime factors of n(q)?
2, 3, 13
Let h(w) be the third derivative of -w**6/48 - 7*w**5/120 + w**4/6 + 10*w**2. Let y(k) be the second derivative of h(k). What are the prime factors of y(-5)?
2, 17
Let y(d) = 50*d**2 + 5*d - 5. List the prime factors of y(3).
2, 5, 23
Let i = 265 + 24. Let c = -62 + i. List the prime factors of c.
227
Let y(l) = -166*l + 22. What are the prime factors of y(-12)?
2, 19, 53
Let f(n) = n**2 - 6*n + 25. Let z be f(5). List the prime factors of (-5)/z - (-813)/4.
7, 29
Suppose -333 = -6*l - 1245. Let i = 271 + l. List the prime factors of i.
7, 17
Let h = 18 + -14. Suppose 244 = 3*n - 5*d, -n = h*n + 4*d - 456. List the prime factors of n.
2, 11
Suppose 3*l + 21 = -0*t + 2*t, 4*l + 20 = 0. Let h = t + 56. List the prime factors of h.
59
Let y(s) = -30*s. Suppose -2*f + 9*f + 21 = 0. What are the prime factors of y(f)?
2, 3, 5
Let p(k) = 10*k**2 - 14*k. List the prime factors of p(-5).
2, 5
Let n(u) = 71*u**2 + 29*u - 64. What are the prime factors of n(6)?
2, 31, 43
List the prime factors of -1*(-182 + -2) + 2/1.
2, 3, 31
Suppose 0 = -4*g + v - 12, -g + 3*v - 10 = v. List the prime factors of 1/g*(-702)/9.
3, 13
Let y be (-5 - (0 - 2)) + 25. Suppose 20 = -3*z + x, 2*x + 33 = -5*z + 4*x. Let b = z + y. What are the prime factors of b?
3, 5
Let f = 1614 - 3724. List the prime factors of (f/(-40))/(1 - 6/8).
211
Let u(t) = -9*t**2 - 5 - 1 - 3*t**3 + 7*t + 4*t**3. Let d be u(4). Let m = -17 - d. List the prime factors of m.
41
Suppose 1551 = -8*w + 5023. What are the prime factors of w?
2, 7, 31
Suppose 4*c + 5*d - 4 - 14 = 0, 0 = -4*d + 8. Suppose -4*v + 3*q + 328 = 0, 112 = c*v - 4*q - 42. List the prime factors of v.
5, 17
Suppose 2*g + 5*i - 199 = 2*i, -i = -1. What are the prime factors of g?
2, 7
Let x(c) = -9*c - 67. Let b(t) = -14*t - 100. Let v(h) = 5*b(h) - 7*x(h). List the prime factors of v(-5).
2
Suppose 115*b - 121*b = -3204. List the prime factors of b.
2, 3, 89
Let x(r) = r**3 - 6*r**2 + r + 10. Let l be x(6). List the prime factors of l/64 + 926*(-1)/(-8).
2, 29
Let v(i) = 51*i + 11. Suppose -6*s = -4*s - 8. Let o be v(s). What are the prime factors of o/7 - 2/(-7)?
31
Let b = 1097 - -436. List the prime factors of b.
3, 7, 73
Suppose 1278*c - 26865 = 1263*c. What are the prime factors of c?
3, 199
Suppose 0 = 5*a - 3*i - 1652, -4*a - a + 1660 = -5*i. List the prime factors of a.
2, 41
Suppose 0 = 19*j - 464 - 448. List the prime factors of j.
2, 3
Let l(f) = 258*f**2 + 4*f - 50. What are the prime factors of l(-4)?
2, 3, 677
Let z = 835 - -162. Suppose 7*q + 346 = z. List the prime factors of q.
3, 31
Suppose -z + 130 = -0*z. Suppose -3*v - 5*s = 6, 5*v - 4*s = s + 30. Suppose -2*a + z = v*a. List the prime factors of a.
2, 13
Let g = -12 + 9. List the prime factors of (-165)/(-20)*(1 - g).
3, 11
Let t = 41 + -13. Suppose -t*h = -27*h - 15. List the prime factors of h.
3, 5
Let v be 0 - (3 - 2 - 40). Suppose 81 + v = 4*j. Suppose j = -0*x + x. What are the prime factors of x?
2, 3, 5
List the prime factors of 2 + -3 + 9 + 4307 + -7.
2, 3, 359
Let z(c) = 3*c - 3. Let n(v) = -v**2 + 8. Let l(b) = 3. Let a(p) = 8*l(p) - 3*n(p). Let x be a(-1). What are the prime factors of z(x)?
2, 3
Let q(z) = 9*z + 7. Let d be q(6). Suppose d = -3*l + 304. List the prime factors of l.
3
Let f be 2*(-1)/(-4) - (-9)/(-2). List the prime factors of 119 - 11 - (-3)/6*f.
2, 53
Suppose -5*c + 0*k - 2*k = 20, 9 = -4*c - 3*k. Let u(g) = -g**3 - 5*g**2 + 2. Let j(n) = -n + 1. Let v(m) = -2*j(m) + u(m). What are the prime factors of v(c)?
2, 3
Let v(n) be the first derivative of 17*n**2/2 + 22*n - 3. What are the prime factors of v(6)?
2, 31
Let k be (40/44)/(-5) + 72/33. Let b(s) = 10*s**3 - 2*s + 2. List the prime factors of b(k).
2, 3, 13
Let a be -8*(-4 + 3 - -3). List the prime factors of ((-1)/((-5)/a))/(12/(-930)).
2, 31
Suppose -39 + 7 = 2*k. Let f = 128 + -137. Let w = f - k. What are the prime factors of w?
7
Let g = -178 - -261. Let p = -46 + g. Suppose 86 = 3*i - p. List the prime factors of i.
41
Let t(h) = h**3 + 2*h**2 - 71. Let j be t(0). Let d = j - -102. What are the prime factors of d?
31
Let f(z) = -5*z. Let t be f(-1). Let p(x) = x**2 - 4. Let w be p(3). Suppose -53 = -w*j + 2*m - 3*m, -t*j + 38 = -4*m. What are the prime factors of j?
2, 5
Suppose 7*h + d = 6*h + 13, -3*h = -3*d - 15. List the prime factors of h.
3
Suppose -4 = -2*z + 2. Suppose -z*k = -8*k + 150. List the prime factors of k.
2, 3, 5
Let k(d) be the first derivative of -d**3/3 + 13*d**2/2 - 11*d - 23. What are the prime factors of k(7)?
31
Let v(q) = -q**3 - 8*q**2 + 3. Let w(u) = u**2 - u - 1. Let j be (8/(-6))/(2/(-6)). Let s(l) = j*w(l) + v(l). What are the prime factors of s(-3)?
2
Suppose -5*o - 4*q = -17404, -3*o + 10442 = 3*q - q. What are the prime factors of o?
2, 3, 5, 29
Suppose -7*i - 7*i + 9828 = 0. What are the prime factors of i?
2, 3, 13
Suppose -2*r - 38 + 214 = -5*o, 3*r - 5*o = 269. List the prime factors of r.
3, 31
Let m(j) = -j**3 - j**2 - j - 1. Let q(p) = 5*p**3 + 14*p**2 + 6*p + 3. Let w(z) = 4*m(z) + q(z). What are the prime factors of w(-6)?
131
Suppose 0 = -2*q + 224 + 202. Suppose 912 = -2*k - 4*k. Let c = q + k. List the prime factors of c.
61
Suppose -b - 126 = -q - 34, 0 = 5*q - 2*b - 454. Let x(g) = g**3 + 9*g**2 - 4*g - 13. Let j be x(-9). Suppose 0 = 18*v - j*v + q. List the prime factors of v.
2, 3
Let w(n) = -4*n - 6. Let i be w(-5). Suppose -i*h + 1366 = -1532. List the prime factors of h.
3, 23
Suppose -2*x - k - 55 = -315, -139 = -x + 4*k. List the prime factors of x.
131
Suppose -1 = -h + 3. Suppose 2*a + h*v = 0, -3*a + 2*v = -2*v - 50. Suppose -c + a = -0*c. What are the prime factors of c?
2, 5
Let p(a) = a**2 + 3*a - 6. Let q be p(-5). Suppose -4*v = v + q*m - 7, 5*m - 5 = -5*v. Suppose 97 - v = 4*g + 5*u, -34 = -g + 4*u. List the prime factors of g.
2, 13
Let x(p) = p + 19. Suppose 0 = 2*i + 3*j - 65, -j - j - 104 = -3*i. Let c = -25 + i. List the prime factors of x(c).
2, 7
Let k be (-15)/(-12) + (-4)/16. Let x be (21 - k)*(-14)/35. Let f = 27 + x. What are the prime factors of f?
19
Let k(d) = 2*d**2 + 3*d + 19. List the prime factors of k(-13).
2, 3, 53
List the prime factors of (-9 + 5 + -6)*(-20 - 3).
2, 5, 23
Let r = 1188 + -86. What are the prime factors of r?
2, 19, 29
Let s(t) be the first deri